{"id":189,"date":"2022-05-14T12:05:01","date_gmt":"2022-05-14T10:05:01","guid":{"rendered":"http:\/\/sentiersdetoiles.fr\/?page_id=189"},"modified":"2022-05-14T17:40:30","modified_gmt":"2022-05-14T15:40:30","slug":"veloute-de-radis-blanc-acidule-aux-sucs-de-yuzu","status":"publish","type":"page","link":"https:\/\/sentiersdetoiles.fr\/?page_id=189","title":{"rendered":"3\u00e8me \u00e9dition &#8211; No\u00ebl 2020"},"content":{"rendered":"\n<p class=\"has-text-align-left\">Velout\u00e9 de Radis blanc acidul\u00e9 aux sucs de yuzu<\/p>\n\n\n\n<div class=\"wp-block-image\"><figure class=\"aligncenter size-full\"><img loading=\"lazy\" decoding=\"async\" width=\"264\" height=\"262\" src=\"http:\/\/sentiersdetoiles.fr\/wp-content\/uploads\/2022\/05\/Philippe-BRAUN-2020.jpg\" alt=\"\" class=\"wp-image-292\" srcset=\"https:\/\/sentiersdetoiles.fr\/wp-content\/uploads\/2022\/05\/Philippe-BRAUN-2020.jpg 264w, https:\/\/sentiersdetoiles.fr\/wp-content\/uploads\/2022\/05\/Philippe-BRAUN-2020-150x150.jpg 150w\" sizes=\"auto, (max-width: 264px) 100vw, 264px\" \/><figcaption><strong>Philippe BRAUN<\/strong>, neveu d&#8217;\u00c9mile JUNG et ancien bras droit de<br>Jo\u00ebl ROBUCHON<\/figcaption><\/figure><\/div>\n\n\n\n<p class=\"has-text-align-left\">Velout\u00e9 de Topinambour aux Marrons Glac\u00e9s et au poivre de Kampot<\/p>\n\n\n\n<div class=\"wp-block-image\"><figure class=\"aligncenter size-full\"><img loading=\"lazy\" decoding=\"async\" width=\"259\" height=\"260\" src=\"http:\/\/sentiersdetoiles.fr\/wp-content\/uploads\/2022\/05\/Nicolas-STAMM-2020.jpg\" alt=\"\" class=\"wp-image-294\" srcset=\"https:\/\/sentiersdetoiles.fr\/wp-content\/uploads\/2022\/05\/Nicolas-STAMM-2020.jpg 259w, https:\/\/sentiersdetoiles.fr\/wp-content\/uploads\/2022\/05\/Nicolas-STAMM-2020-150x150.jpg 150w\" sizes=\"auto, (max-width: 259px) 100vw, 259px\" \/><figcaption><strong>\u00a0Nicolas STAMM<\/strong><br><a rel=\"noreferrer noopener\" href=\"http:\/\/www.lafourchettedesducs.com\/fr\/\" target=\"_blank\">La Fourchette des Ducs**<\/a><br>\u00e0 Obernai<\/figcaption><\/figure><\/div>\n\n\n\n<p class=\"has-text-align-left\">Velout\u00e9 de Potiron au Ribeaupierre \u00e0 l\u2019ail des ours<\/p>\n\n\n\n<div class=\"wp-block-image\"><figure class=\"aligncenter size-full\"><img loading=\"lazy\" decoding=\"async\" width=\"251\" height=\"260\" src=\"http:\/\/sentiersdetoiles.fr\/wp-content\/uploads\/2022\/05\/Guillaume-GOMEZ-2020.jpg\" alt=\"\" class=\"wp-image-295\"\/><figcaption><strong>Guillaume GOMEZ<\/strong><br>Plus jeune Meilleur Ouvrier de France, <br><a rel=\"noreferrer noopener\" href=\"https:\/\/www.facebook.com\/guillaume.gomezii\" target=\"_blank\">Ancien chef des cuisines de l\u2019Elys\u00e9e<\/a>,<br>Repr\u00e9sentant personnel du Pr\u00e9sident de la R\u00e9publique pour la Gastronomie et l&#8217;Alimentation<\/figcaption><\/figure><\/div>\n\n\n\n<p class=\"has-text-align-left\">Velout\u00e9 Vichyssois aux ar\u00f4mes de Truffe<\/p>\n\n\n\n<div class=\"wp-block-image\"><figure class=\"aligncenter size-full\"><img loading=\"lazy\" decoding=\"async\" width=\"255\" height=\"261\" src=\"http:\/\/sentiersdetoiles.fr\/wp-content\/uploads\/2022\/05\/Marc-HAEBERLIN-2020.jpg\" alt=\"\" class=\"wp-image-296\"\/><figcaption><strong>Marc HAEBERLIN<br><\/strong><a rel=\"noreferrer noopener\" href=\"https:\/\/www.auberge-de-l-ill.com\/fr\/\" target=\"_blank\">L&#8217;Auberge de l\u2019Ill **<\/a><br>\u00e0 Illhaeusern<\/figcaption><\/figure><\/div>\n\n\n\n<div data-wp-interactive=\"core\/file\" class=\"wp-block-file\"><object data-wp-bind--hidden=\"!state.hasPdfPreview\" hidden class=\"wp-block-file__embed\" data=\"http:\/\/sentiersdetoiles.fr\/wp-content\/uploads\/2022\/05\/Recettes-2020-2.pdf\" type=\"application\/pdf\" style=\"width:100%;height:600px\" aria-label=\"Embed of Contenu embarqu\u00e9 Recettes-2020..\"><\/object><a id=\"wp-block-file--media-d5177a3b-f146-4191-8dfa-3702f5ff2572\" href=\"http:\/\/sentiersdetoiles.fr\/wp-content\/uploads\/2022\/05\/Recettes-2020-2.pdf\">Recettes-2020<\/a><a href=\"http:\/\/sentiersdetoiles.fr\/wp-content\/uploads\/2022\/05\/Recettes-2020-2.pdf\" class=\"wp-block-file__button\" download aria-describedby=\"wp-block-file--media-d5177a3b-f146-4191-8dfa-3702f5ff2572\">T\u00e9l\u00e9charger<\/a><\/div>\n","protected":false},"excerpt":{"rendered":"<p>Velout\u00e9 de Radis blanc acidul\u00e9 aux sucs de yuzu Velout\u00e9 de Topinambour aux Marrons Glac\u00e9s et au poivre de Kampot Velout\u00e9 de Potiron au Ribeaupierre<\/p>\n","protected":false},"author":1,"featured_media":0,"parent":0,"menu_order":0,"comment_status":"closed","ping_status":"closed","template":"","meta":{"footnotes":""},"class_list":["post-189","page","type-page","status-publish","hentry"],"_links":{"self":[{"href":"https:\/\/sentiersdetoiles.fr\/index.php?rest_route=\/wp\/v2\/pages\/189","targetHints":{"allow":["GET"]}}],"collection":[{"href":"https:\/\/sentiersdetoiles.fr\/index.php?rest_route=\/wp\/v2\/pages"}],"about":[{"href":"https:\/\/sentiersdetoiles.fr\/index.php?rest_route=\/wp\/v2\/types\/page"}],"author":[{"embeddable":true,"href":"https:\/\/sentiersdetoiles.fr\/index.php?rest_route=\/wp\/v2\/users\/1"}],"replies":[{"embeddable":true,"href":"https:\/\/sentiersdetoiles.fr\/index.php?rest_route=%2Fwp%2Fv2%2Fcomments&post=189"}],"version-history":[{"count":10,"href":"https:\/\/sentiersdetoiles.fr\/index.php?rest_route=\/wp\/v2\/pages\/189\/revisions"}],"predecessor-version":[{"id":318,"href":"https:\/\/sentiersdetoiles.fr\/index.php?rest_route=\/wp\/v2\/pages\/189\/revisions\/318"}],"wp:attachment":[{"href":"https:\/\/sentiersdetoiles.fr\/index.php?rest_route=%2Fwp%2Fv2%2Fmedia&parent=189"}],"curies":[{"name":"wp","href":"https:\/\/api.w.org\/{rel}","templated":true}]}}