{"id":1687,"date":"2023-11-12T19:27:47","date_gmt":"2023-11-12T18:27:47","guid":{"rendered":"https:\/\/sentiersdetoiles.fr\/?page_id=1687"},"modified":"2023-12-08T18:34:48","modified_gmt":"2023-12-08T17:34:48","slug":"maya-solidarite","status":"publish","type":"page","link":"https:\/\/sentiersdetoiles.fr\/?page_id=1687","title":{"rendered":"Maya Solidarit\u00e9"},"content":{"rendered":"\n<p>\u25b6&nbsp;Du VENDREDI 8 D\u00c9CEMBRE au JEUDI 14 D\u00c9CEMBRE 2023&nbsp;\u25c0<\/p>\n\n\n\n<p><strong>Voyage du c\u00e9leri pansu vers l\u2019\u00eele aux \u00e9pices<\/strong><\/p>\n\n\n\n<p>par Matthieu KOENIG <a href=\"https:\/\/www.restaurant-koenig.com\/\" target=\"_blank\" rel=\"noreferrer noopener\">\u00ab L\u2019Arbre Vert \u00bb<\/a> \u00e0 Berrwiller,<br>Responsable Grand Est des Ma\u00eetres cuisiniers de France<\/p>\n\n\n\n<p>\u2763 pour financer l\u2019am\u00e9nagement de deux \u00e9coles \u2763<\/p>\n\n\n\n<p>dont une au Mexique (association MAYA SOLIDARIT\u00c9).<\/p>\n\n\n\n<figure class=\"wp-block-image\"><img loading=\"lazy\" decoding=\"async\" width=\"122\" height=\"144\" src=\"https:\/\/sentiersdetoiles.fr\/wp-content\/uploads\/2023\/11\/Maya-solidarite.jpg\" alt=\"\" class=\"wp-image-1643\"\/><\/figure>\n\n\n\n<p class=\"has-text-align-center\"><strong>Maya Solidarit\u00e9,<\/strong><\/p>\n\n\n\n<p class=\"has-text-align-left\">association humanitaire, \u0153uvre au Chiapas \u2013 Mexique \u2013 pour<strong> soutenir les communaut\u00e9s indig\u00e8nes d\u2019origine Maya qui vivent dans des conditions d\u2019extr\u00eame pauvret\u00e9<\/strong> et ce en partenariat avec Sergio Castro qui est tous les jours pr\u00e9sent sur le terrain depuis plus de 50 ans.<br>3 axes prioritaires pour les soutenir :<\/p>\n\n\n\n<ul class=\"wp-block-list\">\n<li><strong>SANT\u00c9<\/strong> : Sergio permet \u00e0 ces communaut\u00e9s d\u2019avoir acc\u00e8s aux soins en allant dans les villages ou en les accueillant dans le petit dispensaire attenant \u00e0 son mus\u00e9e de Costumes r\u00e9gionaux<\/li>\n<\/ul>\n\n\n\n<figure class=\"wp-block-image size-large\"><img loading=\"lazy\" decoding=\"async\" width=\"1024\" height=\"768\" src=\"https:\/\/sentiersdetoiles.fr\/wp-content\/uploads\/2023\/11\/Maya-2-1024x768.jpg\" alt=\"\" class=\"wp-image-1920\" srcset=\"https:\/\/sentiersdetoiles.fr\/wp-content\/uploads\/2023\/11\/Maya-2-1024x768.jpg 1024w, https:\/\/sentiersdetoiles.fr\/wp-content\/uploads\/2023\/11\/Maya-2-300x225.jpg 300w, https:\/\/sentiersdetoiles.fr\/wp-content\/uploads\/2023\/11\/Maya-2-768x576.jpg 768w, https:\/\/sentiersdetoiles.fr\/wp-content\/uploads\/2023\/11\/Maya-2-1536x1152.jpg 1536w, https:\/\/sentiersdetoiles.fr\/wp-content\/uploads\/2023\/11\/Maya-2-2048x1536.jpg 2048w, https:\/\/sentiersdetoiles.fr\/wp-content\/uploads\/2023\/11\/Maya-2-800x600.jpg 800w\" sizes=\"auto, (max-width: 1024px) 100vw, 1024px\" \/><\/figure>\n\n\n\n<ul class=\"wp-block-list\">\n<li><strong>\u00c9DUCATION<\/strong> : en construisant des \u00e9coles dans les villages aux alentours de San Cristobal de las Casas<\/li>\n<\/ul>\n\n\n\n<figure class=\"wp-block-image size-large\"><img loading=\"lazy\" decoding=\"async\" width=\"1024\" height=\"768\" src=\"https:\/\/sentiersdetoiles.fr\/wp-content\/uploads\/2023\/11\/Maya-1-1024x768.jpg\" alt=\"\" class=\"wp-image-1921\" srcset=\"https:\/\/sentiersdetoiles.fr\/wp-content\/uploads\/2023\/11\/Maya-1-1024x768.jpg 1024w, https:\/\/sentiersdetoiles.fr\/wp-content\/uploads\/2023\/11\/Maya-1-300x225.jpg 300w, https:\/\/sentiersdetoiles.fr\/wp-content\/uploads\/2023\/11\/Maya-1-768x576.jpg 768w, https:\/\/sentiersdetoiles.fr\/wp-content\/uploads\/2023\/11\/Maya-1-1536x1152.jpg 1536w, https:\/\/sentiersdetoiles.fr\/wp-content\/uploads\/2023\/11\/Maya-1-2048x1536.jpg 2048w, https:\/\/sentiersdetoiles.fr\/wp-content\/uploads\/2023\/11\/Maya-1-800x600.jpg 800w\" sizes=\"auto, (max-width: 1024px) 100vw, 1024px\" \/><\/figure>\n\n\n\n<ul class=\"wp-block-list\">\n<li><strong>EAU<\/strong> : en recherchant des sources pour pouvoir forer des puits, soit en construisant de grands r\u00e9servoirs qui permettent le recueil de l\u2019eau pendant la saison des pluies<\/li>\n<\/ul>\n\n\n\n<figure class=\"wp-block-image size-large\"><img loading=\"lazy\" decoding=\"async\" width=\"1024\" height=\"768\" src=\"https:\/\/sentiersdetoiles.fr\/wp-content\/uploads\/2023\/11\/Maya-3-1024x768.jpg\" alt=\"\" class=\"wp-image-1922\" srcset=\"https:\/\/sentiersdetoiles.fr\/wp-content\/uploads\/2023\/11\/Maya-3-1024x768.jpg 1024w, https:\/\/sentiersdetoiles.fr\/wp-content\/uploads\/2023\/11\/Maya-3-300x225.jpg 300w, https:\/\/sentiersdetoiles.fr\/wp-content\/uploads\/2023\/11\/Maya-3-768x576.jpg 768w, https:\/\/sentiersdetoiles.fr\/wp-content\/uploads\/2023\/11\/Maya-3-1536x1152.jpg 1536w, https:\/\/sentiersdetoiles.fr\/wp-content\/uploads\/2023\/11\/Maya-3-2048x1536.jpg 2048w, https:\/\/sentiersdetoiles.fr\/wp-content\/uploads\/2023\/11\/Maya-3-800x600.jpg 800w\" sizes=\"auto, (max-width: 1024px) 100vw, 1024px\" \/><\/figure>\n\n\n\n<p class=\"has-large-font-size\"><strong>Toutes ces actions sont men\u00e9es en concertation avec les habitants qui sont \u00e0 l\u2019origine des demandes et participent dans la mesure du possible \u00e0 la r\u00e9alisation des chantiers.<\/strong><br><br>Le projet pour 2024 est la <strong>construction d&#8217;une nouvelle salle de classe \u00e0 Buena Vista<\/strong> \u00e0 une quinzaine de kilom\u00e8tres de San Cristobal de las Casas pour permettre d&#8217;accueillir une trentaine d&#8217;enfants. Si possible, nous aimerions aussi r\u00e9nover les toilettes de l&#8217;ancienne \u00e9cole.<\/p>\n\n\n\n<figure class=\"wp-block-image size-full\"><img loading=\"lazy\" decoding=\"async\" width=\"800\" height=\"600\" src=\"https:\/\/sentiersdetoiles.fr\/wp-content\/uploads\/2023\/11\/Maya-4.jpg\" alt=\"\" class=\"wp-image-1923\" srcset=\"https:\/\/sentiersdetoiles.fr\/wp-content\/uploads\/2023\/11\/Maya-4.jpg 800w, https:\/\/sentiersdetoiles.fr\/wp-content\/uploads\/2023\/11\/Maya-4-300x225.jpg 300w, https:\/\/sentiersdetoiles.fr\/wp-content\/uploads\/2023\/11\/Maya-4-768x576.jpg 768w\" sizes=\"auto, (max-width: 800px) 100vw, 800px\" \/><\/figure>\n\n\n\n<figure class=\"wp-block-gallery has-nested-images columns-default is-cropped wp-block-gallery-1 is-layout-flex wp-block-gallery-is-layout-flex\">\n<figure class=\"wp-block-image size-large\"><img loading=\"lazy\" decoding=\"async\" width=\"480\" height=\"640\" data-id=\"1936\" src=\"https:\/\/sentiersdetoiles.fr\/wp-content\/uploads\/2023\/11\/IMG_1205-rotated.jpg\" alt=\"\" class=\"wp-image-1936\" srcset=\"https:\/\/sentiersdetoiles.fr\/wp-content\/uploads\/2023\/11\/IMG_1205-rotated.jpg 480w, https:\/\/sentiersdetoiles.fr\/wp-content\/uploads\/2023\/11\/IMG_1205-225x300.jpg 225w\" sizes=\"auto, (max-width: 480px) 100vw, 480px\" \/><\/figure>\n\n\n\n<figure class=\"wp-block-image size-large\"><img loading=\"lazy\" decoding=\"async\" width=\"480\" height=\"640\" data-id=\"1938\" src=\"https:\/\/sentiersdetoiles.fr\/wp-content\/uploads\/2023\/11\/IMG_1217-rotated.jpg\" alt=\"\" class=\"wp-image-1938\" srcset=\"https:\/\/sentiersdetoiles.fr\/wp-content\/uploads\/2023\/11\/IMG_1217-rotated.jpg 480w, https:\/\/sentiersdetoiles.fr\/wp-content\/uploads\/2023\/11\/IMG_1217-225x300.jpg 225w\" sizes=\"auto, (max-width: 480px) 100vw, 480px\" \/><\/figure>\n\n\n\n<figure class=\"wp-block-image size-large\"><img loading=\"lazy\" decoding=\"async\" width=\"640\" height=\"480\" data-id=\"1935\" src=\"https:\/\/sentiersdetoiles.fr\/wp-content\/uploads\/2023\/11\/IMG_1233.jpg\" alt=\"\" class=\"wp-image-1935\" srcset=\"https:\/\/sentiersdetoiles.fr\/wp-content\/uploads\/2023\/11\/IMG_1233.jpg 640w, https:\/\/sentiersdetoiles.fr\/wp-content\/uploads\/2023\/11\/IMG_1233-300x225.jpg 300w\" sizes=\"auto, (max-width: 640px) 100vw, 640px\" \/><\/figure>\n\n\n\n<figure class=\"wp-block-image size-large\"><img loading=\"lazy\" decoding=\"async\" width=\"640\" height=\"480\" data-id=\"1937\" src=\"https:\/\/sentiersdetoiles.fr\/wp-content\/uploads\/2023\/11\/IMG_1237.jpg\" alt=\"\" class=\"wp-image-1937\" srcset=\"https:\/\/sentiersdetoiles.fr\/wp-content\/uploads\/2023\/11\/IMG_1237.jpg 640w, https:\/\/sentiersdetoiles.fr\/wp-content\/uploads\/2023\/11\/IMG_1237-300x225.jpg 300w\" sizes=\"auto, (max-width: 640px) 100vw, 640px\" \/><\/figure>\n\n\n\n<figure class=\"wp-block-image size-large\"><img loading=\"lazy\" decoding=\"async\" width=\"640\" height=\"480\" data-id=\"1934\" src=\"https:\/\/sentiersdetoiles.fr\/wp-content\/uploads\/2023\/11\/IMG_3181.jpg\" alt=\"\" class=\"wp-image-1934\" srcset=\"https:\/\/sentiersdetoiles.fr\/wp-content\/uploads\/2023\/11\/IMG_3181.jpg 640w, https:\/\/sentiersdetoiles.fr\/wp-content\/uploads\/2023\/11\/IMG_3181-300x225.jpg 300w\" sizes=\"auto, (max-width: 640px) 100vw, 640px\" \/><\/figure>\n\n\n\n<figure class=\"wp-block-image size-large\"><img loading=\"lazy\" decoding=\"async\" width=\"640\" height=\"480\" data-id=\"1939\" src=\"https:\/\/sentiersdetoiles.fr\/wp-content\/uploads\/2023\/11\/IMG_3648.jpg\" alt=\"\" class=\"wp-image-1939\" srcset=\"https:\/\/sentiersdetoiles.fr\/wp-content\/uploads\/2023\/11\/IMG_3648.jpg 640w, https:\/\/sentiersdetoiles.fr\/wp-content\/uploads\/2023\/11\/IMG_3648-300x225.jpg 300w\" sizes=\"auto, (max-width: 640px) 100vw, 640px\" \/><\/figure>\n\n\n\n<figure class=\"wp-block-image size-large\"><img loading=\"lazy\" decoding=\"async\" width=\"640\" height=\"480\" data-id=\"1941\" src=\"https:\/\/sentiersdetoiles.fr\/wp-content\/uploads\/2023\/11\/IMG_4036.jpg\" alt=\"\" class=\"wp-image-1941\" srcset=\"https:\/\/sentiersdetoiles.fr\/wp-content\/uploads\/2023\/11\/IMG_4036.jpg 640w, https:\/\/sentiersdetoiles.fr\/wp-content\/uploads\/2023\/11\/IMG_4036-300x225.jpg 300w\" sizes=\"auto, (max-width: 640px) 100vw, 640px\" \/><\/figure>\n\n\n\n<figure class=\"wp-block-image size-large\"><img loading=\"lazy\" decoding=\"async\" width=\"640\" height=\"480\" data-id=\"1933\" src=\"https:\/\/sentiersdetoiles.fr\/wp-content\/uploads\/2023\/11\/IMG_4619.jpg\" alt=\"\" class=\"wp-image-1933\" srcset=\"https:\/\/sentiersdetoiles.fr\/wp-content\/uploads\/2023\/11\/IMG_4619.jpg 640w, https:\/\/sentiersdetoiles.fr\/wp-content\/uploads\/2023\/11\/IMG_4619-300x225.jpg 300w\" sizes=\"auto, (max-width: 640px) 100vw, 640px\" \/><\/figure>\n\n\n\n<figure class=\"wp-block-image size-large\"><img loading=\"lazy\" decoding=\"async\" width=\"640\" height=\"480\" data-id=\"1940\" src=\"https:\/\/sentiersdetoiles.fr\/wp-content\/uploads\/2023\/11\/IMG_4650.jpg\" alt=\"\" class=\"wp-image-1940\" srcset=\"https:\/\/sentiersdetoiles.fr\/wp-content\/uploads\/2023\/11\/IMG_4650.jpg 640w, https:\/\/sentiersdetoiles.fr\/wp-content\/uploads\/2023\/11\/IMG_4650-300x225.jpg 300w\" sizes=\"auto, (max-width: 640px) 100vw, 640px\" \/><\/figure>\n<\/figure>\n\n\n\n<div data-wp-interactive=\"core\/file\" class=\"wp-block-file\"><object data-wp-bind--hidden=\"!state.hasPdfPreview\" hidden class=\"wp-block-file__embed\" data=\"https:\/\/sentiersdetoiles.fr\/wp-content\/uploads\/2023\/11\/Flyer_soupe-solidaire_231123_162609.pdf\" type=\"application\/pdf\" style=\"width:100%;height:600px\" aria-label=\"Embed of Flyer_soupe-solidaire_231123_162609.\"><\/object><a id=\"wp-block-file--media-988f7f48-f765-433a-b209-235d27999c5d\" href=\"https:\/\/sentiersdetoiles.fr\/wp-content\/uploads\/2023\/11\/Flyer_soupe-solidaire_231123_162609.pdf\">Flyer_soupe-solidaire_231123_162609<\/a><a href=\"https:\/\/sentiersdetoiles.fr\/wp-content\/uploads\/2023\/11\/Flyer_soupe-solidaire_231123_162609.pdf\" class=\"wp-block-file__button wp-element-button\" download aria-describedby=\"wp-block-file--media-988f7f48-f765-433a-b209-235d27999c5d\">Download<\/a><\/div>\n","protected":false},"excerpt":{"rendered":"<p>\u25b6&nbsp;Du VENDREDI 8 D\u00c9CEMBRE au JEUDI 14 D\u00c9CEMBRE 2023&nbsp;\u25c0 Voyage du c\u00e9leri pansu vers l\u2019\u00eele aux \u00e9pices par Matthieu KOENIG \u00ab L\u2019Arbre Vert \u00bb \u00e0<\/p>\n","protected":false},"author":1,"featured_media":0,"parent":0,"menu_order":0,"comment_status":"closed","ping_status":"closed","template":"","meta":{"footnotes":""},"class_list":["post-1687","page","type-page","status-publish","hentry"],"_links":{"self":[{"href":"https:\/\/sentiersdetoiles.fr\/index.php?rest_route=\/wp\/v2\/pages\/1687","targetHints":{"allow":["GET"]}}],"collection":[{"href":"https:\/\/sentiersdetoiles.fr\/index.php?rest_route=\/wp\/v2\/pages"}],"about":[{"href":"https:\/\/sentiersdetoiles.fr\/index.php?rest_route=\/wp\/v2\/types\/page"}],"author":[{"embeddable":true,"href":"https:\/\/sentiersdetoiles.fr\/index.php?rest_route=\/wp\/v2\/users\/1"}],"replies":[{"embeddable":true,"href":"https:\/\/sentiersdetoiles.fr\/index.php?rest_route=%2Fwp%2Fv2%2Fcomments&post=1687"}],"version-history":[{"count":12,"href":"https:\/\/sentiersdetoiles.fr\/index.php?rest_route=\/wp\/v2\/pages\/1687\/revisions"}],"predecessor-version":[{"id":2117,"href":"https:\/\/sentiersdetoiles.fr\/index.php?rest_route=\/wp\/v2\/pages\/1687\/revisions\/2117"}],"wp:attachment":[{"href":"https:\/\/sentiersdetoiles.fr\/index.php?rest_route=%2Fwp%2Fv2%2Fmedia&parent=1687"}],"curies":[{"name":"wp","href":"https:\/\/api.w.org\/{rel}","templated":true}]}}