{"id":1457,"date":"2023-02-09T14:30:45","date_gmt":"2023-02-09T13:30:45","guid":{"rendered":"https:\/\/sentiersdetoiles.fr\/?page_id=1457"},"modified":"2024-11-13T19:17:37","modified_gmt":"2024-11-13T18:17:37","slug":"brouillon-pour-2023","status":"publish","type":"page","link":"https:\/\/sentiersdetoiles.fr\/?page_id=1457","title":{"rendered":"2023"},"content":{"rendered":"\n<p class=\"has-text-align-center\">Retour vers la page des chefs <a href=\"https:\/\/sentiersdetoiles.fr\/?page_id=1676\" target=\"_blank\" rel=\"noreferrer noopener\">2023<\/a><\/p>\n\n\n\n<p>A chaque projet solidaire, une recette de velout\u00e9 gastronomique !<\/p>\n\n\n\n<p>\u00c0 l\u2019approche de No\u00ebl, comme chaque ann\u00e9e, l\u2019association SENTIERS D\u2019\u00c9TOILES lance un pont entre des projets solidaires et le monde volontiers g\u00e9n\u00e9reux de la cuisine.<br><strong>6 projets solidaires et 4 recettes prestigieuses<\/strong> seront pr\u00e9sent\u00e9s au cours des semaines qui pr\u00e9c\u00e8dent No\u00ebl et la totalit\u00e9 des b\u00e9n\u00e9fices de chaque vente sera vers\u00e9e aux projets soutenus.<\/p>\n\n\n\n<p>Un double objectif \u00e0 ce projet :<\/p>\n\n\n\n<ul class=\"wp-block-list\">\n<li>Permettre \u00e0 des personnes isol\u00e9es ou en difficult\u00e9 de participer aux c\u00f4t\u00e9s de b\u00e9n\u00e9voles de tous horizons sociaux, culturels et professionnels, \u00e0 la pr\u00e9paration de ces velout\u00e9s gastronomiques et de retrouver ainsi un sentiment d\u2019utilit\u00e9 ainsi que la chaleur et le soutien d\u2019un groupe.<\/li>\n\n\n\n<li>Apporter en toute transparence un financement \u00e0 des projets pr\u00e9cis identifi\u00e9s et port\u00e9s ou mis en \u0153uvre par des associations d\u2019Alsace, en mettant en lumi\u00e8re ces actions.<\/li>\n<\/ul>\n\n\n\n<p class=\"has-text-align-center\">\u2744&nbsp;\u2744&nbsp;\u2744&nbsp;\u2744&nbsp;\u2744&nbsp;\u2744&nbsp;\u2744<\/p>\n\n\n\n<p class=\"has-text-align-left\">Prix inchang\u00e9s :<br>Sur place au gobelet &#8211; 3\u20ac ou \u00c0 emporter en sachet d&#8217;1 litre sous vide &#8211; 10 \u20ac<\/p>\n\n\n\n<p class=\"has-text-align-center\">\u2744&nbsp;\u2744&nbsp;\u2744&nbsp;\u2744&nbsp;\u2744&nbsp;\u2744&nbsp;\u2744<\/p>\n\n\n\n<p class=\"has-text-align-center\">\u25b6 Du VENDREDI 24 NOVEMBRE au JEUDI 30 NOVEMBRE 2023&nbsp;\u25c0<\/p>\n\n\n\n<p class=\"has-text-align-center\"><strong>Cr\u00e8me de potiron musqu\u00e9 aux saveurs d&#8217;un Baerewecka<\/strong><\/p>\n\n\n\n<p class=\"has-text-align-center\">par Thomas KOEBEL, <a href=\"https:\/\/relais-poste.com\/\" target=\"_blank\" rel=\"noreferrer noopener\">\u00ab Relais de la Poste *\u00bb<\/a> \u00e0 La Wantzenau<\/p>\n\n\n\n<p class=\"has-text-align-center\">\u2763&nbsp;pour financer \u2763<\/p>\n\n\n\n<p class=\"has-text-align-center\">&#8211; de s\u00e9ances de musicoth\u00e9rapie, de boxe et de maquillage sp\u00e9cifique<br>pour des malades en traitement (association <a href=\"https:\/\/alsacecontrecancer.com\/\" target=\"_blank\" rel=\"noreferrer noopener\">ALSACE CONTRE LE CANCER<\/a>)<\/p>\n\n\n<div class=\"wp-block-image\">\n<figure class=\"aligncenter size-full\"><a href=\"https:\/\/alsacecontrecancer.com\/\" target=\"_blank\" rel=\"noreferrer noopener\"><img loading=\"lazy\" decoding=\"async\" width=\"265\" height=\"96\" src=\"https:\/\/sentiersdetoiles.fr\/wp-content\/uploads\/2023\/11\/Alsacecontrecancer.jpg\" alt=\"\" class=\"wp-image-1631\"\/><\/a><\/figure>\n<\/div>\n\n\n<p class=\"has-text-align-center\">&#8211; et des s\u00e9ances de &#8220;caf\u00e9-r\u00e9pit&#8221; avec une psychologue et une sophrologue<br>suivie d&#8217;une collation pour des groupes d&#8217;aidants (association <a href=\"https:\/\/www.asdepal.fr\/\" target=\"_blank\" rel=\"noreferrer noopener\">ASDEPAL<\/a>)<\/p>\n\n\n<div class=\"wp-block-image\">\n<figure class=\"aligncenter size-medium is-resized\"><a href=\"https:\/\/www.asdepal.fr\/\" target=\"_blank\" rel=\"noreferrer noopener\"><img loading=\"lazy\" decoding=\"async\" width=\"300\" height=\"114\" src=\"https:\/\/sentiersdetoiles.fr\/wp-content\/uploads\/2023\/11\/ASDEPAL-300x114.jpg\" alt=\"\" class=\"wp-image-1630\" style=\"width:300px;height:auto\" srcset=\"https:\/\/sentiersdetoiles.fr\/wp-content\/uploads\/2023\/11\/ASDEPAL-300x114.jpg 300w, https:\/\/sentiersdetoiles.fr\/wp-content\/uploads\/2023\/11\/ASDEPAL-768x291.jpg 768w, https:\/\/sentiersdetoiles.fr\/wp-content\/uploads\/2023\/11\/ASDEPAL.jpg 945w\" sizes=\"auto, (max-width: 300px) 100vw, 300px\" \/><\/a><\/figure>\n<\/div>\n\n\n<p class=\"has-text-align-center\">\u2744&nbsp;\u2744&nbsp;\u2744&nbsp;\u2744&nbsp;\u2744&nbsp;\u2744&nbsp;\u2744<\/p>\n\n\n\n<p class=\"has-text-align-center\">\u25b6&nbsp;Du VENDREDI 1<sup>er<\/sup> D\u00c9CEMBRE au JEUDI 7 D\u00c9CEMBRE 2023&nbsp;\u25c0<\/p>\n\n\n\n<p class=\"has-text-align-center\"><strong>Velout\u00e9 cr\u00e9cy aux \u00e9pices du monde<\/strong><\/p>\n\n\n\n<p class=\"has-text-align-center\">par Yannick GERMAIN <a href=\"https:\/\/www.auberge-au-boeuf.fr\/\" target=\"_blank\" rel=\"noreferrer noopener\">\u00ab Au B\u0153uf *\u00bb<\/a> \u00e0 Sessenheim<\/p>\n\n\n\n<p class=\"has-text-align-center\">\u2763 pour accompagner le retour \u00e0 une vie sociale normale et<br>la r\u00e9insertion de personne en fin de peine \u2763<\/p>\n\n\n\n<p class=\"has-text-align-center\">&#8211; gr\u00e2ce \u00e0 des journ\u00e9es de marche, de randonn\u00e9e et d&#8217;\u00e9change<br>avec des marcheurs de la soci\u00e9t\u00e9 civile (association <a href=\"https:\/\/www.declicalsace.fr\/\" target=\"_blank\" rel=\"noreferrer noopener\">DECLIC<\/a>),<\/p>\n\n\n<div class=\"wp-block-image is-resized\">\n<figure class=\"aligncenter size-full\"><a href=\"https:\/\/www.declicalsace.fr\/\" target=\"_blank\" rel=\"noreferrer noopener\"><img loading=\"lazy\" decoding=\"async\" width=\"160\" height=\"159\" src=\"https:\/\/sentiersdetoiles.fr\/wp-content\/uploads\/2023\/11\/DECLIC.jpg\" alt=\"\" class=\"wp-image-1636\" style=\"width:200px\" srcset=\"https:\/\/sentiersdetoiles.fr\/wp-content\/uploads\/2023\/11\/DECLIC.jpg 160w, https:\/\/sentiersdetoiles.fr\/wp-content\/uploads\/2023\/11\/DECLIC-150x150.jpg 150w\" sizes=\"auto, (max-width: 160px) 100vw, 160px\" \/><\/a><\/figure>\n<\/div>\n\n\n<p class=\"has-text-align-center\">\u2744&nbsp;\u2744&nbsp;\u2744&nbsp;\u2744&nbsp;\u2744&nbsp;\u2744&nbsp;\u2744<\/p>\n\n\n\n<p class=\"has-text-align-center\">\u25b6&nbsp;Du VENDREDI 8 D\u00c9CEMBRE au JEUDI 14 D\u00c9CEMBRE 2023&nbsp;\u25c0<\/p>\n\n\n\n<p class=\"has-text-align-center\"><strong>Voyage du c\u00e9leri pansu vers l&#8217;\u00eele aux \u00e9pices<\/strong><\/p>\n\n\n\n<p class=\"has-text-align-center\">par Mathieu KOENIG  <a href=\"https:\/\/www.restaurant-koenig.com\/\" target=\"_blank\" rel=\"noreferrer noopener\">\u00ab L\u2019Arbre Vert \u00bb<\/a> \u00e0 Berrwiller,<br>Responsable Grand Est des Ma\u00eetres cuisiniers de France<\/p>\n\n\n\n<p class=\"has-text-align-center\">\u2763 pour financer l&#8217;am\u00e9nagement de deux \u00e9coles \u2763<\/p>\n\n\n\n<p class=\"has-text-align-center\">&#8211; l&#8217;une au Mexique (association MAYA SOLIDARIT\u00c9).<\/p>\n\n\n<div class=\"wp-block-image is-resized\">\n<figure class=\"aligncenter size-full\"><img loading=\"lazy\" decoding=\"async\" width=\"122\" height=\"144\" src=\"https:\/\/sentiersdetoiles.fr\/wp-content\/uploads\/2023\/11\/Maya-solidarite.jpg\" alt=\"\" class=\"wp-image-1643\"\/><\/figure>\n<\/div>\n\n\n<p class=\"has-text-align-center\">&#8211; l&#8217;autre au Laos (association CHAMPA LAO).<\/p>\n\n\n<div class=\"wp-block-image\">\n<figure class=\"aligncenter size-full\"><img loading=\"lazy\" decoding=\"async\" width=\"250\" height=\"197\" src=\"https:\/\/sentiersdetoiles.fr\/wp-content\/uploads\/2023\/11\/Champa-Lao.jpg\" alt=\"\" class=\"wp-image-1645\"\/><\/figure>\n<\/div>\n\n\n<p class=\"has-text-align-center\">\u2744&nbsp;\u2744&nbsp;\u2744&nbsp;\u2744&nbsp;\u2744&nbsp;\u2744&nbsp;\u2744<\/p>\n\n\n\n<p class=\"has-text-align-center\">\u25b6&nbsp;Du VENDREDI 15 D\u00c9CEMBRE au SAMEDI 23 D\u00c9CEMBRE 2023&nbsp;\u25c0<\/p>\n\n\n\n<p class=\"has-text-align-center\"><strong>Vichyssoise au sel des Vikings<\/strong><\/p>\n\n\n\n<p class=\"has-text-align-center\">par Carole ECKERT, Anne-C\u00e9cile SCHERRER et L\u00e9o STRECKDENFINGER, <a href=\"https:\/\/www.enfin-barr.com\/\" target=\"_blank\" rel=\"noreferrer noopener\">\u00abRestaurant Enfin* \u00bb<\/a> \u00e0 Barr<\/p>\n\n\n\n<p class=\"has-text-align-center\">\u2763 pour financer  \u2763<\/p>\n\n\n\n<p class=\"has-text-align-center\">&#8211; l&#8217;achat de 2 fauteuils d&#8217;entra\u00eenement et\/ou de comp\u00e9tition<br>pour joueurs de handball handicap\u00e9s<br>(association <a href=\"https:\/\/www.sa-hb.com\/association\/hand-fauteuil\/\" target=\"_blank\" rel=\"noreferrer noopener\">S\u00c9LESTAT HAND FAUTEUIL<\/a>)<\/p>\n\n\n<div class=\"wp-block-image\">\n<figure class=\"aligncenter size-full\"><a href=\"https:\/\/www.sa-hb.com\/association\/hand-fauteuil\/\" target=\"_blank\" rel=\"noreferrer noopener\"><img loading=\"lazy\" decoding=\"async\" width=\"260\" height=\"269\" src=\"https:\/\/sentiersdetoiles.fr\/wp-content\/uploads\/2023\/11\/SAHB-1.jpg\" alt=\"\" class=\"wp-image-1654\"\/><\/a><\/figure>\n<\/div>\n\n\n<p class=\"has-text-align-center\">  \u2744&nbsp;\u2744&nbsp;\u2744&nbsp;\u2744&nbsp;\u2744&nbsp;\u2744&nbsp;\u2744<\/p>\n\n\n\n<div data-wp-interactive=\"core\/file\" class=\"wp-block-file\"><object data-wp-bind--hidden=\"!state.hasPdfPreview\" hidden class=\"wp-block-file__embed\" data=\"https:\/\/sentiersdetoiles.fr\/wp-content\/uploads\/2023\/11\/veloute-detoiles-23-24-A5-def-1-1.pdf\" type=\"application\/pdf\" style=\"width:100%;height:600px\" aria-label=\"Embed of veloute-detoiles-23-24-A5-def-1-1.\"><\/object><a id=\"wp-block-file--media-7523d33c-eeac-4a68-9fe3-8961e00ea325\" href=\"https:\/\/sentiersdetoiles.fr\/wp-content\/uploads\/2023\/11\/veloute-detoiles-23-24-A5-def-1-1.pdf\">veloute-detoiles-23-24-A5-def-1-1<\/a><a href=\"https:\/\/sentiersdetoiles.fr\/wp-content\/uploads\/2023\/11\/veloute-detoiles-23-24-A5-def-1-1.pdf\" class=\"wp-block-file__button wp-element-button\" download aria-describedby=\"wp-block-file--media-7523d33c-eeac-4a68-9fe3-8961e00ea325\">Download<\/a><\/div>\n","protected":false},"excerpt":{"rendered":"<p>Retour vers la page des chefs 2023 A chaque projet solidaire, une recette de velout\u00e9 gastronomique ! \u00c0 l\u2019approche de No\u00ebl, comme chaque ann\u00e9e, l\u2019association<\/p>\n","protected":false},"author":1,"featured_media":0,"parent":0,"menu_order":2,"comment_status":"closed","ping_status":"closed","template":"","meta":{"footnotes":""},"class_list":["post-1457","page","type-page","status-publish","hentry"],"_links":{"self":[{"href":"https:\/\/sentiersdetoiles.fr\/index.php?rest_route=\/wp\/v2\/pages\/1457","targetHints":{"allow":["GET"]}}],"collection":[{"href":"https:\/\/sentiersdetoiles.fr\/index.php?rest_route=\/wp\/v2\/pages"}],"about":[{"href":"https:\/\/sentiersdetoiles.fr\/index.php?rest_route=\/wp\/v2\/types\/page"}],"author":[{"embeddable":true,"href":"https:\/\/sentiersdetoiles.fr\/index.php?rest_route=\/wp\/v2\/users\/1"}],"replies":[{"embeddable":true,"href":"https:\/\/sentiersdetoiles.fr\/index.php?rest_route=%2Fwp%2Fv2%2Fcomments&post=1457"}],"version-history":[{"count":41,"href":"https:\/\/sentiersdetoiles.fr\/index.php?rest_route=\/wp\/v2\/pages\/1457\/revisions"}],"predecessor-version":[{"id":2523,"href":"https:\/\/sentiersdetoiles.fr\/index.php?rest_route=\/wp\/v2\/pages\/1457\/revisions\/2523"}],"wp:attachment":[{"href":"https:\/\/sentiersdetoiles.fr\/index.php?rest_route=%2Fwp%2Fv2%2Fmedia&parent=1457"}],"curies":[{"name":"wp","href":"https:\/\/api.w.org\/{rel}","templated":true}]}}